{"id":1382,"date":"2025-11-12T10:52:47","date_gmt":"2025-11-12T10:52:47","guid":{"rendered":"https:\/\/joogakool.eu\/?page_id=1382"},"modified":"2025-12-23T19:59:16","modified_gmt":"2025-12-23T19:59:16","slug":"veebikool-ja-online-kursused","status":"publish","type":"page","link":"https:\/\/joogakool.eu\/?page_id=1382","title":{"rendered":"Veebikool ja online kursused"},"content":{"rendered":"\n<p>Joogakool Lakshmi veebikool toob Sinu juurde p\u00e4ris \u00f5ppimise \u2014 reaalajas, elava juhendamisega ja toetava grupiruumi kaudu. Need kursused toimuvad veebis <em>otse\u00f5ppena<\/em>, mis t\u00e4hendab, et saad osaleda kodust v\u00f5i reisil olles, kuid kogemus on sama isiklik ja vahetu nagu kontakt\u00f5ppes.<\/p>\n\n\n\n<p>Reaalajas online-tunnid on \u00fcles ehitatud nii, et n\u00e4ed ja kuuled juhendajat, saad esitada k\u00fcsimusi, jagada kogemusi ning osaleda dialoogis t\u00e4pselt samamoodi nagu klassiruumis. \u00d5petaja n\u00e4eb Sinu liikumist v\u00f5i reaktsioone, vajadusel kohandab juhiseid ja loob kogu grupile \u00fchtse turvalise \u00f5ppimisruumi.<\/p>\n\n\n\n<p>Veebi vahendusel toimuv kontakt\u00f5pe on ideaalne lahendus, kui soovid:<br>\u2022 osaleda \u00f5petuses, mis areneb hetkes ja vastab p\u00e4ris k\u00fcsimustele<br>\u2022 saada tagasisidet ja toetust reaalajas<br>\u2022 hoida s\u00fcgavat seotust juhendaja ja grupiga, liikudes koos \u00fchisel teekonnal<br>\u2022 \u00f5ppida kodus, hubases ymp\u00e4rist\u00f6ss\u00e4, ilma s\u00f5idukulude ja ajakuluta<br>\u2022 s\u00e4ilitada regulaarsus ka kiirel v\u00f5i muutlikul perioodil<\/p>\n\n\n\n<p>Veebikooli online-kursused on elavad, toetavad ja soojad kohtumised \u2014 need ei ole lihtsalt ekraani taga istumine, vaid p\u00e4ris \u00f5ppimine. Iga kohtumine loob ruumi praktikaks, avastamiseks ja kogemiseks, t\u00e4pselt nii nagu Sa ootaksid klassiruumikoolituselt.<\/p>\n\n\n\n<p>Samuti v\u00f5imaldame oma tavakursustel osaleda veebi vahendusel. Nii et kui see tundub mugavam variant, anna sellest meile teada. <\/p>\n\n\n\n<p>Oled oodatud avastama, s\u00fcvenema ja kasvama.<br>Veebikool avab ukse teadmiste juurde, mis liiguvad Sinuga kaasa k\u00f5ikjal.<\/p>\n\n\n\n<figure class=\"wp-block-embed is-type-wp-embed is-provider-joogakool-lakshmi wp-block-embed-joogakool-lakshmi\"><div class=\"wp-block-embed__wrapper\">\n<blockquote class=\"wp-embedded-content\" data-secret=\"f4DzsvkVYQ\"><a href=\"https:\/\/joogakool.eu\/?page_id=1671\">Joogapraktikate digi-hoidla<\/a><\/blockquote><iframe loading=\"lazy\" class=\"wp-embedded-content\" sandbox=\"allow-scripts\" security=\"restricted\" style=\"position: absolute; visibility: hidden;\" title=\"&#8220;Joogapraktikate digi-hoidla&#8221; &#8212; Joogakool Lakshmi\" src=\"https:\/\/joogakool.eu\/?page_id=1671&#038;embed=true#?secret=qscwQoMdiY#?secret=f4DzsvkVYQ\" data-secret=\"f4DzsvkVYQ\" width=\"525\" height=\"296\" frameborder=\"0\" marginwidth=\"0\" marginheight=\"0\" scrolling=\"no\"><\/iframe>\n<\/div><\/figure>\n\n\n\n<figure class=\"wp-block-embed is-type-wp-embed is-provider-joogakool-lakshmi wp-block-embed-joogakool-lakshmi\"><div class=\"wp-block-embed__wrapper\">\n<blockquote class=\"wp-embedded-content\" data-secret=\"DLTyQL6Oz0\"><a href=\"https:\/\/joogakool.eu\/?page_id=1589\">Meditatsioon ja Jooga Nidra. Teooriast praktikani.<\/a><\/blockquote><iframe loading=\"lazy\" class=\"wp-embedded-content\" sandbox=\"allow-scripts\" security=\"restricted\" style=\"position: absolute; visibility: hidden;\" title=\"&#8220;Meditatsioon ja Jooga Nidra. Teooriast praktikani.&#8221; &#8212; Joogakool Lakshmi\" src=\"https:\/\/joogakool.eu\/?page_id=1589&#038;embed=true#?secret=AlymDvM7Ui#?secret=DLTyQL6Oz0\" data-secret=\"DLTyQL6Oz0\" width=\"525\" height=\"296\" frameborder=\"0\" marginwidth=\"0\" marginheight=\"0\" scrolling=\"no\"><\/iframe>\n<\/div><\/figure>\n","protected":false},"excerpt":{"rendered":"<p>Joogakool Lakshmi veebikool toob Sinu juurde p\u00e4ris \u00f5ppimise \u2014 reaalajas, elava juhendamisega ja toetava grupiruumi kaudu. Need kursused toimuvad veebis otse\u00f5ppena, mis t\u00e4hendab, et saad osaleda kodust v\u00f5i reisil olles, &hellip; <\/p>\n<p class=\"link-more\"><a href=\"https:\/\/joogakool.eu\/?page_id=1382\" class=\"more-link\">Continue reading<span class=\"screen-reader-text\"> &#8220;Veebikool ja online kursused&#8221;<\/span><\/a><\/p>\n","protected":false},"author":1,"featured_media":0,"parent":0,"menu_order":0,"comment_status":"closed","ping_status":"closed","template":"","meta":{"footnotes":""},"class_list":["post-1382","page","type-page","status-publish","hentry"],"_links":{"self":[{"href":"https:\/\/joogakool.eu\/index.php?rest_route=\/wp\/v2\/pages\/1382","targetHints":{"allow":["GET"]}}],"collection":[{"href":"https:\/\/joogakool.eu\/index.php?rest_route=\/wp\/v2\/pages"}],"about":[{"href":"https:\/\/joogakool.eu\/index.php?rest_route=\/wp\/v2\/types\/page"}],"author":[{"embeddable":true,"href":"https:\/\/joogakool.eu\/index.php?rest_route=\/wp\/v2\/users\/1"}],"replies":[{"embeddable":true,"href":"https:\/\/joogakool.eu\/index.php?rest_route=%2Fwp%2Fv2%2Fcomments&post=1382"}],"version-history":[{"count":5,"href":"https:\/\/joogakool.eu\/index.php?rest_route=\/wp\/v2\/pages\/1382\/revisions"}],"predecessor-version":[{"id":1825,"href":"https:\/\/joogakool.eu\/index.php?rest_route=\/wp\/v2\/pages\/1382\/revisions\/1825"}],"wp:attachment":[{"href":"https:\/\/joogakool.eu\/index.php?rest_route=%2Fwp%2Fv2%2Fmedia&parent=1382"}],"curies":[{"name":"wp","href":"https:\/\/api.w.org\/{rel}","templated":true}]}}